at is -280 + -5112?
-5392
In base 13, what is 57901 + -10?
578c1
In base 15, what is -3d77 + 8d?
-3cd9
In base 5, what is 11142434 + -21?
11142413
In base 14, what is -3582 - 0?
-3582
In base 4, what is 2332222 - 11330?
2320232
In base 6, what is -12111 - 120?
-12231
In base 16, what is -450 + -8af?
-cff
In base 9, what is 50 - 35?
14
In base 7, what is -244046 - 4?
-244053
In base 16, what is e + 1a878?
1a886
In base 4, what is -10 + 33203313?
33203303
In base 2, what is -100001011 + 1101100011?
1001011000
In base 14, what is -3 - -3b440?
3b43b
In base 7, what is -653331 - -1?
-653330
In base 11, what is -5 + -856177?
-856181
In base 12, what is 1a - 5346?
-5328
In base 6, what is 524 + -10352?
-5424
In base 5, what is 423401 + 22?
423423
In base 3, what is -2 - -220221000?
220220221
In base 2, what is 1101110111111000010 + 0?
1101110111111000010
In base 2, what is 11011101111100 - 101001101?
11011000101111
In base 15, what is 82c + 18?
845
In base 11, what is 11538 - -4?
11541
In base 15, what is -2 - 2c24?
-2c26
In base 15, what is -77b2 - 1?
-77b3
In base 12, what is -10 - -2b18?
2b08
In base 14, what is 19c0 - -1?
19c1
In base 8, what is -4 + -1626273?
-1626277
In base 9, what is -3 + -108212?
-108215
In base 15, what is 25 - -1d6?
20b
In base 5, what is 1144102113 + 0?
1144102113
In base 6, what is 410 - -1142?
1552
In base 9, what is 3 - 3647?
-3644
In base 14, what is 974b + -2?
9749
In base 10, what is -23 - 227904?
-227927
In base 5, what is -2313040 - -102?
-2312433
In base 5, what is 3 + 4231020?
4231023
In base 3, what is -110200120 - -12?
-110200101
In base 10, what is -5 + 53716?
53711
In base 12, what is 2693 + 638?
310b
In base 9, what is -8067 + -40?
-8117
In base 6, what is 12034532 - 3?
12034525
In base 3, what is 101022 - 122200?
-21101
In base 14, what is 241 - -d?
250
In base 8, what is 605 + 1462?
2267
In base 12, what is -46 - -1704?
167a
In base 3, what is -2011012 - 120?
-2011202
In base 11, what is -1 - 23620?
-23621
In base 16, what is -101 + 128?
27
In base 4, what is 1012 + 110233?
111311
In base 9, what is 1483282 - -2?
1483284
In base 4, what is -10 - 3332001203?
-3332001213
In base 9, what is -108327 + -2?
-108330
In base 2, what is 0 - 101100101000001?
-101100101000001
In base 7, what is 0 - 120130?
-120130
In base 14, what is 4 + -1c99?
-1c95
In base 16, what is -4 - -4bf5?
4bf1
In base 9, what is -46 + 1887?
1841
In base 8, what is 56 + -34512?
-34434
In base 8, what is 3 + 20510?
20513
In base 7, what is 101352 - -1?
101353
In base 13, what is -20b - -97?
-144
In base 3, what is 11 - 10102222222?
-10102222211
In base 12, what is 394 - -48?
420
In base 4, what is 33301330222 - -10?
33301330232
In base 5, what is -1222 - 402?
-2124
In base 4, what is -11220302 + 312?
-11213330
In base 11, what is -144429 - -a?
-14441a
In base 16, what is -5f + -cd9?
-d38
In base 16, what is -216 + -b?
-221
In base 6, what is 34255 - 35?
34220
In base 14, what is 121 - -20?
141
In base 11, what is -49 - -1055?
1007
In base 7, what is 4544 + -111?
4433
In base 11, what is 75a93 + -8?
75a86
In base 2, what is 101111 + -101100110101001?
-101100101111010
In base 2, what is 110001011 + 100111011?
1011000110
In base 16, what is 8c2b8 - -5?
8c2bd
In base 15, what is 19 + 3ab?
3c5
In base 4, what is -30 + -123321?
-130011
In base 6, what is -3 + 445412?
445405
In base 9, what is 3 - 18401?
-18387
In base 7, what is 5 - 35226?
-35221
In base 8, what is -140 - -5201?
5041
In base 11, what is 995 + 39?
a23
In base 12, what is 8 - 3095?
-3089
In base 10, what is -791 + 175?
-616
In base 6, what is -30455 + 13?
-30442
In base 4, what is 0 - 11232213?
-11232213
In base 11, what is -64 + -973?
-a27
In base 16, what is 5 - 2460?
-245b
In base 16, what is 12d3 + 253?
1526
In base 15, what is -253 - -1e41?
1bdd
In base 10, what is -6104 - 15?
-6119
In base 4, what is 2331 + 0?
2331
In base 16, what is -6294a + 2?
-62948
In base 7, what is 3 + 253322?
253325
In base 2, what is -1011000010010 + -11110?
-1011000110000
In base 14, what is -15b - -4c5?
368
In base 4, what is 102 - 22332201?
-22332033
In base 6, what is -140020 - 2?
-140022
In base 10, what is -123 - -5010?
4887
In base 2, what is -11001101 - 111110110001?
-1000001111110
In base 13, what is 24b6 + -6?
24b0
In base 7, what is -461 + 131?
-330
In base 4, what is 21 - -11112132?
11112213
In base 9, what is 101318 - 2?
101316
In base 3, what is -10 + -1120122002?
-1120122012
In base 4, what is 121 + 110032100?
110032221
In base 6, what is -524444 - 2?
-524450
In base 15, what is 0 + -254a?
-254a
In base 6, what is 2355401 - -4?
2355405
In base 10, what is 2606 + 76?
2682
In base 8, what is 7 + -242553?
-242544
In base 10, what is -65 + 4223?
4158
In base 2, what is -100 + 101100111100100?
101100111100000
In base 16, what is -5 + e3dc2?
e3dbd
In base 12, what is -23a - 22b5?
-2533
In base 9, what is -4103 + 23?
-4070
In base 16, what is -9070 - 4?
-9074
In base 14, what is b + -18a7?
-189a
In base 11, what is -4958 + -29?
-4986
In base 6, what is 1211444 + 2?
1211450
In base 3, what is 210010 - 211?
202022
In base 4, what is -1100003321 - -1?
-1100003320
In base 12, what is -246a - 12?
-2480
In base 4, what is -3202 + -132?
-10000
In base 4, what is -1 - -11111303031?
11111303030
In base 14, what is 14 + 17909?
1791d
In base 7, what is -6 - -54666?
54660
In base 13, what is -1 + -2b93?
-2b94
In base 11, what is -1a2866 + 5?
-1a2861
In base 6, what is -4 + -115010?
-115014
In base 5, what is -34 - 20243?
-20332
In base 6, what is 3 + 323152?
323155
In base 2, what is -1 + 111101101001?
111101101000
In base 13, what is 219 - 51c?
-303
In base 10, what is 8765 + -99?
8666
In base 6, what is 2 - -154154?
154200
In base 9, what is 180573 - -2?
180575
In base 16, what is 4 + -9247c?
-92478
In base 11, what is 5533 - -68?
55a0
In base 7, what is 6132002 + -5?
6131664
In base 13, what is -75b + 1306?
878
In base 14, what is 571b + -c?
570d
In base 9, what is 1628053 + -4?
1628048
In base 3, what is -1211110 + -112022?
-2100202
In base 14, what is -26 - -2d7?
2b1
In base 11, what is -2253 + a?
-2244
In base 10, what is -912 - -249?
-663
In base 8, what is 31173 + 4?
31177
In base 14, what is -2 - -4920d?
4920b
In base 6, what is -1431 - 40531?
-42402
In base 4, what is 11 - 3000010?
-2333333
In base 13, what is -1563 + 22?
-1541
In base 6, what is 32 + -104220?
-104144
In base 16, what is 249e + 20?
24be
In base 12, what is 3495 - -8a?
3563
In base 3, what is -1 + -1111211?
-1111212
In base 16, what is 48 + -876?
-82e
In base 14, what is -3ab + -222?
-5cd
In base 9, what is 475817 - -2?
475820
In base 15, what is d8c - -6?
d93
In base 7, what is 1 + 13243?
13244
In base 13, what is 6 + 11981c?
119825
In base 11, what is -20a + 159?
-61
In base 10, what is 218183 - 2?
218181
In base 4, what is 12 - -3013132?
3013210
In base 12, what is 203 - 228?
-25
In base 9, what is -280535 - 0?
-280535
In base 8, what is -2507142 - 4?
-2507146
In base 2, what is 1 + 100100011100111001001?
100100011100111001010
In base 13, what is -2 - 4806?
-4808
In base 9, what is 0 + -1257778?
-1257778
In base 16, what is -10a37 - -b?
-10a2c
In base 2, what is -110100000 + -101100001101?
-110010101101
In base 2, what is -11 + 110110001000110?
110110001000011
In base 4, what is 1200103 + -2?
1200101
In base 9, what is 12 - -670752?
670764
In base 14, what is -6554 - 6?
-655a
In base 12, what is -66 + -65?
-10b
In base 11, what is 143 - 4360?
-4218
In base 8, what is -3 + 27107?
27104
In base 14, what is -d2b4 - -1?
-d2b3
In base 4, what is 10311 + 23?
11000
In base 8, what is -635010 - -4?
-635004
In base 3, what is 22 - 2020000011?
-2012222212
In base 4, what is 23 - 2103032?
-2103003
In base 14, what is 24 - 1d92?
-1d6c
In base 3, what is 1021200020010 - -12?
1021200020022
In base 12, what is -3 - 98aa?
-98b1
In base 10, what is 495621 - 0?
495621
In base 11, what is -7a01 + -32?
-7a33
In base 3, what is -10221022 + 220?
-10220102
In base 5, what is 1003 - 203140?
-202132
In base 7, what is -624 - -5364?
4440
In base 6, what is 4 + 123555?
124003
In base 8, what is 21 + -125574?
-125553
In base 10, what is -489 + 162?
-327
In base 14, what is -4 + 4749?
4745
In base 7, what is -2 + -22630?
-22632
In base 5, what is 102